{"id":27,"date":"2024-09-20T01:59:40","date_gmt":"2024-09-20T01:59:40","guid":{"rendered":"http:\/\/www.marcelasalazar.net\/?page_id=27"},"modified":"2026-03-30T15:12:30","modified_gmt":"2026-03-30T20:12:30","slug":"testimonios","status":"publish","type":"page","link":"https:\/\/www.marcelasalazar.net\/index.php\/testimonios\/","title":{"rendered":"TESTIMONIOS"},"content":{"rendered":"\n<p><em>\u00abMarcela me hizo sentir muy c\u00f3moda y cuidada, durante todo el proceso en las constelaciones que hice para reparar temas familiares, sin duda sabe como ayudar y acompa\u00f1ar a las personas en los procesos de cambio con mucho cuidado y respeto, altamente recomendable trabajar con una profesional como ella\u00bb<\/em><br>Geni Mill\u00e1n (Espa\u00f1a)<\/p>\n\n\n\n<p><em>\u00abLuego de un duelo sent\u00ed que el mundo entero se me hab\u00eda ido al piso, que nada ten\u00eda sentido y no sab\u00eda c\u00f3mo continuar adelante. Cuando fui a constelar con Marcela, lo hice como lo hacemos muchos para los que \u00e9stos temas son ajenos, con mucho escepticismo, sin embargo, luego de vivir esa maravillosa experiencia, por primera vez en mucho tiempo, pude ver y sentir que, mi existencia ten\u00eda un futuro lleno de bendiciones, que lo pasado hab\u00eda sido solo un aprendizaje, y que me queda una vida completa para conocerme, seguir creciendo y ser feliz\u00bb.<\/em><br>David C. (Colombia)<\/p>\n\n\n\n<p><em>\u00abYo ya hab\u00eda constelado en un par de ocasiones hace muchos a\u00f1os y me hab\u00eda ido bien. Entonces tuve la oportunidad de constelar con Marcela cuando estuvo en Toledo-Espa\u00f1a. Fue una experiencia sorprendente, muy reveladora, profunda, transformadora y llena de emociones. Tras la constelaci\u00f3n, siento que puedo aceptar cada emoci\u00f3n\/sentimiento que tengo, validarlos y ponerlos en el lugar que les corresponde. Adem\u00e1s, me encuentro m\u00e1s tranquila y disfruto m\u00e1s del presente\u00bb <\/em><br>SPC (Madrid-Espa\u00f1a)<\/p>\n\n\n\n<p><em>\u00abMi experiencias con el m\u00e9todo de Constelaciones Familiares me ayud\u00f3 de una manera decisiva a reconocer mis ancestros, perdonar o mejor comprender que hicieron lo mejor que pudieron, reconocerme en mi verdadero lugar en mi patria y ante todo a tener las pautas del camino a seguir para continuar mi propia sanaci\u00f3n y elevaci\u00f3n de conciencia. Gracias mil por esta experiencia\u00bb<\/em><br>BR (Colombia)<\/p>\n\n\n\n<p><em>\u00abHola, me gustar\u00eda comentarles acerca de mi experiencia con Marcela y el acompa\u00f1amiento que ella realiza a trav\u00e9s de las Constelaciones familiares. Esta terapia, cita, reuni\u00f3n o simplemente un modo de entender, visualizar e interiorizar mi papel dentro del sistema familiar, y el poder desempe\u00f1arme como la hija, mam\u00e1, hermana, nieta como me corresponde dentro del clan familiar y, lo m\u00e1s especial, es poder percibir, aceptar e incluir a todos y cada uno de los miembros de la familia tal y como son, sin expectativas, sin se\u00f1alamientos y\/o juzgamiento y entender que todos formamos un sistema y que cada miembro del clan familiar ha permitido que yo est\u00e9 ac\u00e1 y simplemente sea yo.<\/em>\u00ab<br>Gracias Marcela, soy Olga Luc\u00eda Ortega\u00bb(Espa\u00f1a)<\/p>\n\n\n\n<p><em>Un taller de Constelaciones con Marcela Salazar es un regalo para m\u00ed alma, una cura para mi sistema familiar, un deshacer nudos y bloqueos que me mantienen anclada o parada sin avance.En este \u00faltimo encuentro recib\u00ed la constataci\u00f3n de una informaci\u00f3n que ya hab\u00eda recibido en meditaci\u00f3n. Fue incre\u00edble para m\u00ed inconsciente hacer consciente el porqu\u00e9 de la hipersensibilidad en mi piel, mirar y abrazar a mi gemelo perdido fue realmente hermoso y sanador. Las piezas del puzzle se van encajando. Es algo m\u00e1gico participar en un taller de Constelaciones con Marcela, no sabes porque act\u00faas de una manera, porque haces lo que haces pero toda la informaci\u00f3n es importante y con la gu\u00eda de Marcela toma sentido para cada uno de los participantes.<br>Vibrantes historias en las que todos somos uno y sanamos vidas personales para sanar un poquito m\u00e1s la humanidad. Gracias!! \ud83e\ude84\ud83d\udcab\ud83e\udec2\ud83c\udf1f<\/em><br>Rosa Mar\u00eda Dominguez Gaona.<\/p>\n\n\n\n<p>\u00ab<em>A Marce Salazar la conoc\u00ed hace un a\u00f1o por un amigo en com\u00fan, estaba comenzando un proceso de divorcio un poco complejo, desde ese d\u00eda su apoyo, profesionalismo y forma de trabajar han sido muy satisfactorios en mi crecimiento personal. Sus t\u00e9cnicas utilizadas, su amabilidad, el gran conocimiento de las Constelaciones Familiares, me han ayudado bastante, Gracias Marce por todo.\u00bb<\/em><br>Javier Tabares<\/p>\n\n\n\n<p><em>\u00abMi experiencia con las constelaciones familiares ha sido un viaje de profunda transformaci\u00f3n, tanto personal como profesional. Gracias a la gu\u00eda de Marcela Salazar Gonz\u00e1lez, logr\u00e9 honrar mis ra\u00edces y liberar cargas que no me pertenec\u00edan, encontrando un orden sanador en mi propio sistema.<br>Esta vivencia ha trascendido mi vida privada para convertirse en un pilar de mi ejercicio profesional. Hoy, gracias a lo aprendido en las constelaciones, ejerzo el Derecho de Familia desde una mirada distinta: apoyada en el Derecho Sist\u00e9mico. Esta herramienta me permite abordar los conflictos legales no solo desde la norma, sino comprendiendo las din\u00e1micas invisibles de los sistemas familiares, buscando soluciones que aporten paz y equilibrio real a mis clientes.\u00bb<\/em><br><br>Katia Liliana J\u00e1come, marzo 28 de 2026<\/p>\n\n\n\n<p><\/p>\n\n\n\n<p><em>\u00abAyer fue un d\u00eda de profunda conexi\u00f3n y sanaci\u00f3n en tu taller de Constelaciones Familiares. La familia que me abri\u00f3 su coraz\u00f3n y su espacio me hizo sentir como parte de ellos, me adoptaron con amor y me permitieron entrar en su intimidad para sanar juntos nuestros sistemas familiares. Fue un proceso intenso y liberador, sent\u00ed c\u00f3mo se mov\u00edan las energ\u00edas y c\u00f3mo se sanaban heridas profundas. Tambi\u00e9n los comentarios y las interacciones fueron iluminativos. Me siento agradecida por la confianza y el amor que me brindaron, y por la oportunidad de crecer y sanar junto a ellos. \u00a1Gracias por crear este espacio de amor y sanaci\u00f3n!<\/em><\/p>\n\n\n\n<p><em>Am\u00e9 el ejercicio del Parto wow! Me sent\u00ed apoyada, renovada y agradecida, sorprendida de la conexi\u00f3n tan profunda que se cre\u00f3 en ese momento, como si nos hubi\u00e9ramos dado vida mutuamente, en un intercambio de amor y energ\u00eda pura. \ud83d\udc95<\/em><\/p>\n\n\n\n<p><em>Muy Iluminativa la experiencia de ayer\u00bb.<\/em><\/p>\n\n\n\n<p>M.O M.A, Marzo 29 de 2026<\/p>\n\n\n\n<p><\/p>\n","protected":false},"excerpt":{"rendered":"<p>\u00abMarcela me hizo sentir muy c\u00f3moda y cuidada, durante todo el proceso en las constelaciones que hice para reparar temas familiares, sin duda sabe como ayudar y acompa\u00f1ar a las personas en los procesos de cambio con mucho cuidado y respeto, altamente recomendable trabajar con una profesional como ella\u00bbGeni Mill\u00e1n (Espa\u00f1a) \u00abLuego de un duelo <a class=\"read-more\" href=\"https:\/\/www.marcelasalazar.net\/index.php\/testimonios\/\">LEER M\u00c1S<\/a><\/p>\n","protected":false},"author":1,"featured_media":0,"parent":0,"menu_order":0,"comment_status":"closed","ping_status":"closed","template":"","meta":{"_eb_attr":"","footnotes":""},"class_list":["post-27","page","type-page","status-publish","hentry"],"_links":{"self":[{"href":"https:\/\/www.marcelasalazar.net\/index.php\/wp-json\/wp\/v2\/pages\/27","targetHints":{"allow":["GET"]}}],"collection":[{"href":"https:\/\/www.marcelasalazar.net\/index.php\/wp-json\/wp\/v2\/pages"}],"about":[{"href":"https:\/\/www.marcelasalazar.net\/index.php\/wp-json\/wp\/v2\/types\/page"}],"author":[{"embeddable":true,"href":"https:\/\/www.marcelasalazar.net\/index.php\/wp-json\/wp\/v2\/users\/1"}],"replies":[{"embeddable":true,"href":"https:\/\/www.marcelasalazar.net\/index.php\/wp-json\/wp\/v2\/comments?post=27"}],"version-history":[{"count":3,"href":"https:\/\/www.marcelasalazar.net\/index.php\/wp-json\/wp\/v2\/pages\/27\/revisions"}],"predecessor-version":[{"id":180,"href":"https:\/\/www.marcelasalazar.net\/index.php\/wp-json\/wp\/v2\/pages\/27\/revisions\/180"}],"wp:attachment":[{"href":"https:\/\/www.marcelasalazar.net\/index.php\/wp-json\/wp\/v2\/media?parent=27"}],"curies":[{"name":"wp","href":"https:\/\/api.w.org\/{rel}","templated":true}]}}